he greatest common divisor of i and s.
6
Let b be 24/4 - (0 + -4206). What is the greatest common divisor of b and 624?
156
Let l(a) = -13*a - 220. Let f be l(-22). Suppose -3*t + f = g, 2*g - 162 = -t - 140. What is the highest common divisor of 506 and t?
22
Suppose 0 = -2*w + 10, 63 = 3*t + 5*w - 28. Calculate the greatest common divisor of 5170 and t.
22
Suppose -3*k - 1 = -4, -2*x + 27 = -k. Let a(z) = z**2 - 13*z + 66. Let s be a(x). Calculate the greatest common factor of s and 96.
16
Let d(i) = i**3 - 4*i**2 - 14*i + 73. Let f = 346 - 341. Let q be d(f). What is the highest common factor of q and 7?
7
Let h be -2*(-2)/(-6)*3 + 3. Let f = -2 - h. Let g be 100/6 + 12/54*f. Calculate the highest common divisor of g and 4.
4
Suppose -4*d + d + 621 = 3*r, -2*d = 5*r - 399. Suppose -185 = -5*j - 5*f, 0 = -3*j + 8*j - 4*f - d. Calculate the highest common factor of 10 and j.
10
Let x(j) = 3*j**3 + 11*j**2 - 7*j - 3. Let q be x(-6). Let b = 287 + q. What is the highest common factor of 2 and b?
2
Let r be 6*(-43529)/(-1392) + (-9)/(-24). Let a(c) = -164*c + 1. Let t be a(-2). What is the highest common divisor of r and t?
47
Let c be (0/(-7))/4 - (-98 - 0). Suppose -102*z + 236 = -c*z. What is the highest common factor of z and 59?
59
Suppose 424 = 4*h + 2*y, 430 = 4*h + 9*y - 10*y. Let i = h - -36. What is the highest common factor of i and 11?
11
Let i be 8 - (6/3)/(26/(-52)). Calculate the highest common divisor of i and 24.
12
Let g = 8090 - 7188. What is the greatest common factor of 574 and g?
82
Let n(a) = 129*a**3 + 34*a**2 - 39*a + 4. Let o be n(1). Suppose 6*p = 2*p. Suppose 2*r + 2*r - 64 = p. What is the highest common factor of o and r?
16
Suppose -148 = -17*d + 122 - 32. Calculate the highest common divisor of 1155 and d.
7
Suppose -19*o + 15*o - 180 = 0. Let f be (o/54)/(-5) - 53/(-6). What is the greatest common divisor of 45 and f?
9
Suppose 3*f = -3*v + 300, 2*f + 3*f - 488 = -2*v. Let k = 1290 - 1218. Calculate the highest common factor of f and k.
24
Let c be (1419/(-2))/(-11)*4/(-2). Let w = c + 145. What is the highest common factor of w and 144?
16
Let o(f) = 3*f + 5. Let u be o(6). Let x(l) = 61*l**2 - 13*l**2 + 20*l**2 + l + 2. Let a be x(-1). Calculate the greatest common divisor of a and u.
23
Let q = 229 + -221. Suppose q*c = -c + 540. What is the greatest common divisor of c and 15?
15
Let c be 16/2 + (-5437)/9*(-59 + 14). Calculate the highest common factor of 383 and c.
383
Let k(a) = a**3 - 2*a + 26. Suppose 16*u = 6*u. Let p be k(u). Calculate the highest common factor of p and 416.
26
Suppose -y = -2*y - w + 36, 4*y - 5*w - 99 = 0. Suppose 10*d - 84 - 2506 = 0. Let n = 82 + d. Calculate the highest common factor of n and y.
31
Suppose -456 = 4*o - 2*p, 5*o + 5*p - 444 = 9*o. Let k = o - -123. Calculate the highest common divisor of 112 and k.
7
Let l(j) = 11038*j + 190. Let k be l(1). What is the highest common divisor of 7 and k?
7
Let t(m) = 3*m + 23. Let j be t(-6). Let x be (16/3)/(j - 1476/297). Calculate the highest common divisor of x and 11.
11
Suppose -10*n + 3 = -9*n. Suppose 5 = n*c - 4. Suppose 0*u + c*u = 72. What is the highest common factor of 24 and u?
24
Let s = -11835 + 22325. What is the highest common factor of 20 and s?
10
Suppose 10877*p - 10866*p = 80278. Calculate the greatest common divisor of p and 178.
178
Let b(y) = -y**2 - 43*y - 27. Let v be b(-13). Suppose -22*f = 231 - v. Calculate the greatest common factor of 30 and f.
6
Let u = 29 - -30. Calculate the greatest common factor of u and 30739.
59
Let f(d) = d**2 - d. Let l be f(0). Let m be (2 - (l - -1))/((-52)/(-3536)). What is the highest common factor of m and 204?
68
Let p be (-6*3/2)/(59 - (-5824)/(-98)). Let r = 8 - 5. Calculate the greatest common factor of r and p.
3
Suppose -77 = -4*x + 39. Suppose -a + l - x = -2*a, 3*a - 71 = l. Suppose 71 + 129 = 2*m. What is the highest common divisor of m and a?
25
Let z(a) = 30*a**2 + 265*a + 4. Let k be z(-9). What is the greatest common factor of k and 2?
1
Let a(j) = -38*j + 1000. Let m be a(14). Calculate the highest common factor of m and 2574.
234
Let c be 4*(-8)/32 + 192. Suppose -727 = -27*h + c. What is the greatest common factor of h and 6?
2
Let w be (-2)/((-4)/(-35)*(7348/(-1832) - -4)). Calculate the highest common factor of 28 and w.
7
Let q = 2968 - 2964. What is the greatest common divisor of 272 and q?
4
Suppose -2*z + 4 = -4. Let g = 38664 + -38646. What is the greatest common factor of z and g?
2
Suppose 4*o + p - 380 = 0, -2*p + 15 = -2*o + 205. Let u = 326 + -269. What is the highest common factor of u and o?
19
Let b = 21662 - 12890. What is the highest common divisor of 612 and b?
204
Suppose -36*t + 65*t + 5597 = 0. Let z = t - -218. What is the greatest common divisor of 400 and z?
25
Let w = -6 - -36. Suppose -5*b = 5*d - w, 4*d = b - 2*b + 12. Suppose -3*j = d*j - 90. Calculate the highest common divisor of 72 and j.
18
Suppose 4*r + 15 = 9*r, -2*r = -5*b + 9. Let m be 1/b*(2 - 143). Let t = 82 + m. Calculate the highest common divisor of 35 and t.
35
Let a(c) = -15478*c + 680. Let h be a(-2). Calculate the highest common divisor of h and 44.
44
Suppose 4*j - 677 = g, -337 = -3*j + j + g. Let l = j - 169. Calculate the greatest common divisor of 13 and l.
1
Let r be 223*3 + ((-15)/5 - -8). Suppose -4*c = -4, -c + 839 + r = 4*b. Calculate the highest common factor of b and 7.
7
Let h = 61 + 27. Let r(u) = -2*u**3 - 13*u**2 - 2*u + 12. Let y be r(-8). Calculate the greatest common factor of h and y.
44
Let j be 1 - 7 - (1/4 + (-89)/4). What is the greatest common divisor of 1496 and j?
8
Let z(s) = 97*s + 3261. Let p be z(-29). Calculate the highest common divisor of 256 and p.
64
Let v be (-54)/63 - 6830/(-14). Suppose -3*t = w - v, 3*w = 2*w + 3*t + 463. What is the highest common factor of 50 and w?
25
Let h be 58 - (-12)/4*-3. Suppose -h*c + 306 = -47*c. Calculate the greatest common divisor of 68 and c.
17
Let j be 77829/10 - ((-117)/13)/90. Calculate the highest common factor of 86 and j.
43
Let u = -3080 + 3165. Calculate the highest common factor of u and 55.
5
Suppose 4*k + 237 = 241. Let f(v) = v**3 + 5*v**2 + 2*v + 4. Let x be f(-5). Let h be 90 + (8/x + k)*0. What is the highest common factor of 18 and h?
18
Let h = 151 - 53. Suppose -73 + h = 5*k. Suppose 3*b - 4*j - 82 = 0, 0*b + k*j + 20 = b. What is the highest common divisor of 70 and b?
10
Let l = 987 + -1404. Let n = l - -438. What is the greatest common factor of 6 and n?
3
Let f(n) = 31*n + 98. Let h be f(18). Let y = h - 201. Calculate the greatest common divisor of 35 and y.
35
Let d(m) = -m**2 - 57*m - 804. Let x be d(-30). What is the greatest common factor of 34398 and x?
6
Let a(s) be the third derivative of s**4/12 - 2*s**3 - 29*s**2. Let f be a(6). Suppose f = -2*j + 2 + 12. What is the greatest common factor of j and 77?
7
Let f be ((-10)/4)/(6/(-12)). Suppose 3*z - 9 = -2*c, 0*z + 2*z - f*c = 25. Let w(s) = 9*s - 20. Let o be w(z). What is the greatest common factor of o and 15?
5
Let d be (143 + -8)/(9/6). Calculate the highest common divisor of d and 150.
30
Suppose -w - 4 = 0, -q - 5*w - 6 = 9. Suppose 4*g = -2*k + 43 - q, -2*g + k = -17. Let f = -32 - -68. Calculate the highest common divisor of f and g.
9
Let y = -6182 + 6207. What is the highest common factor of 13125 and y?
25
Let s = 19497 - 19487. What is the greatest common divisor of s and 33230?
10
Let c(i) = 2*i**2 + 3*i - 3. Let p be c(2). Let v = -125 - 29. Let g = v - -209. Calculate the greatest common divisor of p and g.
11
Suppose v = 5, -9*c - 5*v + 100 = -4*c. What is the greatest common factor of 795 and c?
15
Let x(f) = -148*f - 4020. Let p be x(-31). Calculate the greatest common factor of 96 and p.
8
Suppose 4*c - 698 - 2446 = -20*c. What is the greatest common divisor of 29737 and c?
131
Suppose p = g - 9, -6*p + 8*p + 9 = g. Suppose 8 = -g*i + 89. Calculate the greatest common factor of 9 and i.
9
Let t(f) = f**2 - 17*f + 58. Let y(v) = -v**3 + 17*v**2 - 13*v - 35. Let p be y(16). Let s be t(p). What is the greatest common divisor of 16 and s?
2
Let z(p) = -218*p + 1210. Let f be z(0). Calculate the greatest common factor of 220 and f.
110
Suppose -28 = -23*x + 110. Suppose 0 = 5*n, t - 4*n + 9